{"id":49,"date":"2023-02-02T17:46:03","date_gmt":"2023-02-02T16:46:03","guid":{"rendered":"https:\/\/lesjardinsdeclaudealain.com\/?page_id=49"},"modified":"2023-03-03T16:47:40","modified_gmt":"2023-03-03T15:47:40","slug":"jardins","status":"publish","type":"page","link":"https:\/\/lesjardinsdeclaudealain.com\/index.php\/jardins\/","title":{"rendered":"Jardins"},"content":{"rendered":"<p>[et_pb_section fb_built=\u00a0\u00bb1&Prime; admin_label=\u00a0\u00bbHeader\u00a0\u00bb _builder_version=\u00a0\u00bb4.19.5&Prime; _module_preset=\u00a0\u00bbdefault\u00a0\u00bb background_color=\u00a0\u00bb#f6efe7&Prime; custom_padding=\u00a0\u00bb||0px|||\u00a0\u00bb locked=\u00a0\u00bboff\u00a0\u00bb global_colors_info=\u00a0\u00bb{}\u00a0\u00bb][et_pb_row column_structure=\u00a0\u00bb3_5,2_5&Prime; _builder_version=\u00a0\u00bb4.16&Prime; _module_preset=\u00a0\u00bbdefault\u00a0\u00bb global_colors_info=\u00a0\u00bb{}\u00a0\u00bb][et_pb_column type=\u00a0\u00bb3_5&Prime; _builder_version=\u00a0\u00bb4.16&Prime; _module_preset=\u00a0\u00bbdefault\u00a0\u00bb global_colors_info=\u00a0\u00bb{}\u00a0\u00bb][et_pb_text _builder_version=\u00a0\u00bb4.19.5&Prime; _module_preset=\u00a0\u00bbd72c0383-6487-4f2c-ac5c-7d48a6376757&Prime; header_font=\u00a0\u00bb||||||||\u00a0\u00bb header_text_color=\u00a0\u00bb#000000&Prime; header_font_size=\u00a0\u00bb75px\u00a0\u00bb header_line_height=\u00a0\u00bb1.1em\u00a0\u00bb max_width=\u00a0\u00bb700px\u00a0\u00bb custom_margin=\u00a0\u00bb||10px||false|false\u00a0\u00bb header_font_size_tablet=\u00a0\u00bb60px\u00a0\u00bb header_font_size_phone=\u00a0\u00bb26px\u00a0\u00bb header_font_size_last_edited=\u00a0\u00bbon|phone\u00a0\u00bb global_colors_info=\u00a0\u00bb{}\u00a0\u00bb]<\/p>\n<h1>Les Jardins : Jardins de Claude Alain<\/h1>\n<p>[\/et_pb_text][\/et_pb_column][et_pb_column type=\u00a0\u00bb2_5&Prime; _builder_version=\u00a0\u00bb4.16&Prime; _module_preset=\u00a0\u00bbdefault\u00a0\u00bb global_colors_info=\u00a0\u00bb{}\u00a0\u00bb][et_pb_image src=\u00a0\u00bbhttps:\/\/lesjardinsdeclaudealain.com\/wp-content\/uploads\/2023\/02\/Accueil_jardins_claude_alain_entretien_nettoyage-scaled.jpg\u00a0\u00bb alt=\u00a0\u00bbJardins, entretien, nettoyage\u00a0\u00bb title_text=\u00a0\u00bbAccueil_jardins_claude_alain_entretien_nettoyage\u00a0\u00bb _builder_version=\u00a0\u00bb4.19.5&Prime; _module_preset=\u00a0\u00bbdefault\u00a0\u00bb global_colors_info=\u00a0\u00bb{}\u00a0\u00bb][\/et_pb_image][et_pb_text _builder_version=\u00a0\u00bb4.19.5&Prime; _module_preset=\u00a0\u00bb71e00883-89fb-446f-8435-0a0493d17517&Prime; header_font=\u00a0\u00bb||||||||\u00a0\u00bb header_4_font=\u00a0\u00bbGrenze||||||||\u00a0\u00bb header_4_text_color=\u00a0\u00bb#BCA274&Prime; header_4_font_size=\u00a0\u00bb30px\u00a0\u00bb header_4_line_height=\u00a0\u00bb1.2em\u00a0\u00bb background_color_gradient_start=\u00a0\u00bbrgba(81,88,69,0.9)\u00a0\u00bb background_color_gradient_end=\u00a0\u00bbrgba(81,88,69,0.9)\u00a0\u00bb background_image=\u00a0\u00bbhttps:\/\/lesjardinsdeclaudealain.com\/wp-content\/uploads\/2023\/02\/museum-26-300&#215;300-1.jpg\u00a0\u00bb z_index=\u00a0\u00bb10&Prime; text_orientation=\u00a0\u00bbcenter\u00a0\u00bb max_width=\u00a0\u00bb250px\u00a0\u00bb max_width_tablet=\u00a0\u00bb220px\u00a0\u00bb max_width_phone=\u00a0\u00bb180px\u00a0\u00bb max_width_last_edited=\u00a0\u00bbon|tablet\u00a0\u00bb module_alignment=\u00a0\u00bbcenter\u00a0\u00bb min_height=\u00a0\u00bb250px\u00a0\u00bb min_height_tablet=\u00a0\u00bb220px\u00a0\u00bb min_height_phone=\u00a0\u00bb180px\u00a0\u00bb min_height_last_edited=\u00a0\u00bbon|phone\u00a0\u00bb custom_margin=\u00a0\u00bb-150px||||false|false\u00a0\u00bb custom_margin_tablet=\u00a0\u00bb-140px||||false|false\u00a0\u00bb custom_margin_phone=\u00a0\u00bb-120px||||false|false\u00a0\u00bb custom_margin_last_edited=\u00a0\u00bbon|phone\u00a0\u00bb custom_padding=\u00a0\u00bb90px|40px||40px|false|true\u00a0\u00bb custom_padding_tablet=\u00a0\u00bb82px||||false|true\u00a0\u00bb custom_padding_phone=\u00a0\u00bb65px|35px||35px|false|true\u00a0\u00bb custom_padding_last_edited=\u00a0\u00bbon|phone\u00a0\u00bb link_option_url=\u00a0\u00bb#jardins\u00a0\u00bb header_4_font_size_tablet=\u00a0\u00bb22px\u00a0\u00bb header_4_font_size_phone=\u00a0\u00bb18px\u00a0\u00bb header_4_font_size_last_edited=\u00a0\u00bbon|phone\u00a0\u00bb border_radii=\u00a0\u00bbon|150px|150px|150px|150px\u00a0\u00bb locked=\u00a0\u00bboff\u00a0\u00bb global_colors_info=\u00a0\u00bb{}\u00a0\u00bb]<\/p>\n<h4>VOIR NOS JARDINS<\/h4>\n<p>[\/et_pb_text][\/et_pb_column][\/et_pb_row][\/et_pb_section][et_pb_section fb_built=\u00a0\u00bb1&Prime; _builder_version=\u00a0\u00bb4.19.5&Prime; _module_preset=\u00a0\u00bbdefault\u00a0\u00bb background_image=\u00a0\u00bbhttps:\/\/lesjardinsdeclaudealain.com\/wp-content\/uploads\/2023\/03\/Jardins_claude_alain_tour_terrasse-scaled.jpg\u00a0\u00bb custom_padding=\u00a0\u00bb80px||80px||false|false\u00a0\u00bb hover_enabled=\u00a0\u00bb0&Prime; global_colors_info=\u00a0\u00bb{}\u00a0\u00bb module_id=\u00a0\u00bbjardins\u00a0\u00bb module_class=\u00a0\u00bbjardins\u00a0\u00bb sticky_enabled=\u00a0\u00bb0&Prime;][et_pb_row _builder_version=\u00a0\u00bb4.19.5&Prime; _module_preset=\u00a0\u00bbdefault\u00a0\u00bb global_colors_info=\u00a0\u00bb{}\u00a0\u00bb][et_pb_column type=\u00a0\u00bb4_4&Prime; _builder_version=\u00a0\u00bb4.19.5&Prime; _module_preset=\u00a0\u00bbdefault\u00a0\u00bb global_colors_info=\u00a0\u00bb{}\u00a0\u00bb][\/et_pb_column][\/et_pb_row][\/et_pb_section][et_pb_section fb_built=\u00a0\u00bb1&Prime; custom_padding_last_edited=\u00a0\u00bboff|desktop\u00a0\u00bb admin_label=\u00a0\u00bbAbout\u00a0\u00bb _builder_version=\u00a0\u00bb4.19.5&Prime; _module_preset=\u00a0\u00bbdefault\u00a0\u00bb background_color=\u00a0\u00bb#f6efe7&Prime; custom_padding=\u00a0\u00bb0px|||||\u00a0\u00bb custom_padding_tablet=\u00a0\u00bb||80px||false|false\u00a0\u00bb custom_padding_phone=\u00a0\u00bb||50px||false|false\u00a0\u00bb hover_enabled=\u00a0\u00bb0&Prime; locked=\u00a0\u00bboff\u00a0\u00bb global_colors_info=\u00a0\u00bb{}\u00a0\u00bb sticky_enabled=\u00a0\u00bb0&Prime;][et_pb_row _builder_version=\u00a0\u00bb4.19.5&Prime; _module_preset=\u00a0\u00bbdefault\u00a0\u00bb width=\u00a0\u00bb100%\u00a0\u00bb max_width=\u00a0\u00bbnone\u00a0\u00bb custom_padding=\u00a0\u00bb0px||0px||false|false\u00a0\u00bb locked=\u00a0\u00bboff\u00a0\u00bb global_colors_info=\u00a0\u00bb{}\u00a0\u00bb][et_pb_column type=\u00a0\u00bb4_4&Prime; _builder_version=\u00a0\u00bb4.16&Prime; _module_preset=\u00a0\u00bbdefault\u00a0\u00bb global_colors_info=\u00a0\u00bb{}\u00a0\u00bb][et_pb_divider color=\u00a0\u00bbRGBA(0,0,0,0)\u00a0\u00bb divider_weight=\u00a0\u00bb40px\u00a0\u00bb _builder_version=\u00a0\u00bb4.19.5&Prime; _module_preset=\u00a0\u00bbdefault\u00a0\u00bb background_image=\u00a0\u00bbhttps:\/\/lesjardinsdeclaudealain.com\/wp-content\/uploads\/2023\/02\/museum-12.png\u00a0\u00bb background_size=\u00a0\u00bbcontain\u00a0\u00bb background_repeat=\u00a0\u00bbrepeat-x\u00a0\u00bb min_height=\u00a0\u00bb40px\u00a0\u00bb custom_margin=\u00a0\u00bb||30px||false|false\u00a0\u00bb border_color_all=\u00a0\u00bb#BCA274&Prime; border_width_top=\u00a0\u00bb2px\u00a0\u00bb border_width_bottom=\u00a0\u00bb2px\u00a0\u00bb locked=\u00a0\u00bboff\u00a0\u00bb global_colors_info=\u00a0\u00bb{}\u00a0\u00bb][\/et_pb_divider][\/et_pb_column][\/et_pb_row][et_pb_row _builder_version=\u00a0\u00bb4.19.5&Prime; _module_preset=\u00a0\u00bbdefault\u00a0\u00bb global_colors_info=\u00a0\u00bb{}\u00a0\u00bb][et_pb_column type=\u00a0\u00bb4_4&Prime; _builder_version=\u00a0\u00bb4.19.5&Prime; _module_preset=\u00a0\u00bbdefault\u00a0\u00bb global_colors_info=\u00a0\u00bb{}\u00a0\u00bb][et_pb_text _builder_version=\u00a0\u00bb4.19.5&Prime; _module_preset=\u00a0\u00bbaec0be99-8a53-4f75-abf2-64f29a8b4cc2&Prime; text_font=\u00a0\u00bb|700|||||||\u00a0\u00bb text_text_color=\u00a0\u00bb#bdcc49&Prime; text_font_size=\u00a0\u00bb20px\u00a0\u00bb text_letter_spacing=\u00a0\u00bb-0.04em\u00a0\u00bb text_line_height=\u00a0\u00bb1.8em\u00a0\u00bb header_2_font=\u00a0\u00bb|600|||||||\u00a0\u00bb header_2_text_align=\u00a0\u00bbcenter\u00a0\u00bb header_2_text_color=\u00a0\u00bb#bdcc49&Prime; header_2_font_size=\u00a0\u00bb25px\u00a0\u00bb custom_margin=\u00a0\u00bb||-1px|||\u00a0\u00bb text_font_size_tablet=\u00a0\u00bb16px\u00a0\u00bb text_font_size_phone=\u00a0\u00bb14px\u00a0\u00bb text_font_size_last_edited=\u00a0\u00bbon|phone\u00a0\u00bb locked=\u00a0\u00bboff\u00a0\u00bb global_colors_info=\u00a0\u00bb{}\u00a0\u00bb]<\/p>\n<h2>ENTRETENIR SON JARDIN AVEC DES PROFESSIONNELS<\/h2>\n<p>[\/et_pb_text][\/et_pb_column][\/et_pb_row][et_pb_row _builder_version=\u00a0\u00bb4.16&Prime; _module_preset=\u00a0\u00bbdefault\u00a0\u00bb global_colors_info=\u00a0\u00bb{}\u00a0\u00bb][et_pb_column type=\u00a0\u00bb4_4&Prime; _builder_version=\u00a0\u00bb4.16&Prime; _module_preset=\u00a0\u00bbdefault\u00a0\u00bb global_colors_info=\u00a0\u00bb{}\u00a0\u00bb][et_pb_text _builder_version=\u00a0\u00bb4.19.5&Prime; _module_preset=\u00a0\u00bb16a54059-cc81-4572-9c70-eda6a6c419bf\u00a0\u00bb text_font=\u00a0\u00bbMerriweather||||||||\u00a0\u00bb text_text_color=\u00a0\u00bb#000000&Prime; text_font_size=\u00a0\u00bb16px\u00a0\u00bb text_line_height=\u00a0\u00bb2em\u00a0\u00bb hover_enabled=\u00a0\u00bb0&Prime; text_font_size_tablet=\u00a0\u00bb15px\u00a0\u00bb text_font_size_phone=\u00a0\u00bb14px\u00a0\u00bb text_font_size_last_edited=\u00a0\u00bbon|phone\u00a0\u00bb header_font_size_tablet=\u00a0\u00bb55px\u00a0\u00bb header_font_size_last_edited=\u00a0\u00bboff|desktop\u00a0\u00bb global_colors_info=\u00a0\u00bb{}\u00a0\u00bb sticky_enabled=\u00a0\u00bb0&Prime;]<\/p>\n<p class=\"p1\"><span class=\"s1\">Pour profiter d\u2019un environnement sain,\u00a0entretenir son jardin\u00a0est essentiel. Cette intervention commence par un\u00a0nettoyage. Le jardin doit rester dans un \u00e9tat propre. Un coin mal entretenu se d\u00e9grade facilement et perdra toute sa splendeur. Avec cette disposition, les professionnels des\u00a0<a href=\"https:\/\/www.lesjardinsdeclaudealain.com\/\">Jardins de Claude Alain<\/a>\u00a0se chargent de conserver l\u2019esth\u00e9tique et la puret\u00e9 de chaque parcelle am\u00e9nag\u00e9e.<\/span><\/p>\n<p class=\"p1\"><span class=\"s1\">Les plantes sont expos\u00e9es aux diff\u00e9rents al\u00e9as climatiques. Pour leur assurer une bonne protection, il est indispensable de les\u00a0entretenir. Recourez aux services d\u2019un professionnel pour\u00a0traiter efficacement les v\u00e9g\u00e9taux\u00a0et les\u00a0mettre \u00e0 l\u2019abri des diff\u00e9rentes agressions ext\u00e9rieures.<\/span><\/p>\n<p class=\"p1\"><span class=\"s1\">Sachez que les plantes ont besoin de la lumi\u00e8re naturelle pour leur croissance. Les experts des\u00a0<a href=\"https:\/\/www.lesjardinsdeclaudealain.com\/\">Jardins de Claude Alain<\/a>\u00a0d\u00e9terminent l\u2019emplacement id\u00e9al pour chaque essence tout en optimisant leur d\u00e9veloppement. Nos\u00a0jardiniers\u00a0disposent des connaissances approuv\u00e9es du milieu naturel et des conditions optimales pour chaque plante.<\/span><\/p>\n<p class=\"p1\"><span class=\"s1\">L\u2019entretien de votre jardin \u00e0 Montpellier, en Pic Saint Loup, La Grande Motte, ainsi que toutes les villes avoisinantes, reste une op\u00e9ration qui vise \u00e0\u00a0restreindre l\u2019invasion des insectes ravageurs\u00a0ou de\u00a0parasites. Nos services permettent un bon\u00a0\u00e9quilibre de l\u2019\u00e9cologie\u00a0et de la\u00a0biodiversit\u00e9. Les produits utilis\u00e9s ainsi que les techniques mises en \u0153uvre optimisent la beaut\u00e9 de votre espace dans son \u00e9tat naturel.<\/span><\/p>\n<p class=\"p1\"><span class=\"s1\">Certaines esp\u00e8ces sont fragiles et peuvent d\u00e9velopper des parasites nuisibles \u00e0 d\u00e9faut d\u2019entretien. Voil\u00e0 pourquoi\u00a0il est recommand\u00e9 d\u2019entretenir r\u00e9guli\u00e8rement votre espace vert.\u00a0<a href=\"https:\/\/www.lesjardinsdeclaudealain.com\/\">Les Jardins de Claude Alain<\/a>\u00a0reste \u00e0 votre enti\u00e8re disposition pour une\u00a0prise en charge de votre espace vert.<\/span><\/p>\n<p>[\/et_pb_text][\/et_pb_column][\/et_pb_row][\/et_pb_section][et_pb_section fb_built=\u00a0\u00bb1&Prime; _builder_version=\u00a0\u00bb4.19.5&Prime; _module_preset=\u00a0\u00bbdefault\u00a0\u00bb background_image=\u00a0\u00bbhttps:\/\/lesjardinsdeclaudealain.com\/wp-content\/uploads\/2023\/03\/Jardins_claude_alain_jardin_professionnel-scaled.jpg\u00a0\u00bb custom_padding=\u00a0\u00bb80px||80px|||\u00a0\u00bb global_colors_info=\u00a0\u00bb{}\u00a0\u00bb][et_pb_row _builder_version=\u00a0\u00bb4.19.5&Prime; _module_preset=\u00a0\u00bbdefault\u00a0\u00bb global_colors_info=\u00a0\u00bb{}\u00a0\u00bb][et_pb_column type=\u00a0\u00bb4_4&Prime; _builder_version=\u00a0\u00bb4.19.5&Prime; _module_preset=\u00a0\u00bbdefault\u00a0\u00bb global_colors_info=\u00a0\u00bb{}\u00a0\u00bb][\/et_pb_column][\/et_pb_row][\/et_pb_section][et_pb_section fb_built=\u00a0\u00bb1&Prime; custom_padding_last_edited=\u00a0\u00bboff|desktop\u00a0\u00bb admin_label=\u00a0\u00bbAbout\u00a0\u00bb _builder_version=\u00a0\u00bb4.16&Prime; _module_preset=\u00a0\u00bbdefault\u00a0\u00bb background_color=\u00a0\u00bb#f6efe7&Prime; custom_padding=\u00a0\u00bb0px|||||\u00a0\u00bb custom_padding_tablet=\u00a0\u00bb||80px||false|false\u00a0\u00bb custom_padding_phone=\u00a0\u00bb||50px||false|false\u00a0\u00bb locked=\u00a0\u00bboff\u00a0\u00bb global_colors_info=\u00a0\u00bb{}\u00a0\u00bb][et_pb_row _builder_version=\u00a0\u00bb4.19.5&Prime; _module_preset=\u00a0\u00bbdefault\u00a0\u00bb width=\u00a0\u00bb100%\u00a0\u00bb max_width=\u00a0\u00bbnone\u00a0\u00bb custom_padding=\u00a0\u00bb0px||0px||false|false\u00a0\u00bb locked=\u00a0\u00bboff\u00a0\u00bb global_colors_info=\u00a0\u00bb{}\u00a0\u00bb][et_pb_column type=\u00a0\u00bb4_4&Prime; _builder_version=\u00a0\u00bb4.16&Prime; _module_preset=\u00a0\u00bbdefault\u00a0\u00bb global_colors_info=\u00a0\u00bb{}\u00a0\u00bb][et_pb_divider color=\u00a0\u00bbRGBA(255,255,255,0)\u00a0\u00bb divider_weight=\u00a0\u00bb40px\u00a0\u00bb _builder_version=\u00a0\u00bb4.19.5&Prime; _module_preset=\u00a0\u00bbdefault\u00a0\u00bb background_image=\u00a0\u00bbhttps:\/\/lesjardinsdeclaudealain.com\/wp-content\/uploads\/2023\/02\/museum-11.png\u00a0\u00bb background_size=\u00a0\u00bbcontain\u00a0\u00bb background_repeat=\u00a0\u00bbrepeat-x\u00a0\u00bb min_height=\u00a0\u00bb40px\u00a0\u00bb custom_margin=\u00a0\u00bb||30px||false|false\u00a0\u00bb border_color_all=\u00a0\u00bb#000000&Prime; border_width_top=\u00a0\u00bb2px\u00a0\u00bb border_width_bottom=\u00a0\u00bb2px\u00a0\u00bb locked=\u00a0\u00bboff\u00a0\u00bb global_colors_info=\u00a0\u00bb{}\u00a0\u00bb][\/et_pb_divider][\/et_pb_column][\/et_pb_row][et_pb_row _builder_version=\u00a0\u00bb4.19.5&Prime; _module_preset=\u00a0\u00bbdefault\u00a0\u00bb global_colors_info=\u00a0\u00bb{}\u00a0\u00bb][et_pb_column type=\u00a0\u00bb4_4&Prime; _builder_version=\u00a0\u00bb4.19.5&Prime; _module_preset=\u00a0\u00bbdefault\u00a0\u00bb global_colors_info=\u00a0\u00bb{}\u00a0\u00bb][et_pb_text _builder_version=\u00a0\u00bb4.19.5&Prime; _module_preset=\u00a0\u00bbaec0be99-8a53-4f75-abf2-64f29a8b4cc2&Prime; text_font=\u00a0\u00bb|700|||||||\u00a0\u00bb text_text_color=\u00a0\u00bb#bdcc49&Prime; text_font_size=\u00a0\u00bb20px\u00a0\u00bb text_letter_spacing=\u00a0\u00bb-0.04em\u00a0\u00bb text_line_height=\u00a0\u00bb1.8em\u00a0\u00bb header_2_font=\u00a0\u00bb|600|||||||\u00a0\u00bb header_2_text_align=\u00a0\u00bbcenter\u00a0\u00bb header_2_text_color=\u00a0\u00bb#bdcc49&Prime; header_2_font_size=\u00a0\u00bb25px\u00a0\u00bb custom_margin=\u00a0\u00bb||-1px|||\u00a0\u00bb text_font_size_tablet=\u00a0\u00bb16px\u00a0\u00bb text_font_size_phone=\u00a0\u00bb14px\u00a0\u00bb text_font_size_last_edited=\u00a0\u00bbon|phone\u00a0\u00bb locked=\u00a0\u00bboff\u00a0\u00bb global_colors_info=\u00a0\u00bb{}\u00a0\u00bb]<\/p>\n<h2>LES JARDINS DE CLAUDE ALAIN : UN PROCESSUS DE TRAVAIL PROFESSIONNEL<\/h2>\n<p>[\/et_pb_text][\/et_pb_column][\/et_pb_row][et_pb_row _builder_version=\u00a0\u00bb4.16&Prime; _module_preset=\u00a0\u00bbdefault\u00a0\u00bb global_colors_info=\u00a0\u00bb{}\u00a0\u00bb][et_pb_column type=\u00a0\u00bb4_4&Prime; _builder_version=\u00a0\u00bb4.16&Prime; _module_preset=\u00a0\u00bbdefault\u00a0\u00bb global_colors_info=\u00a0\u00bb{}\u00a0\u00bb][et_pb_text _builder_version=\u00a0\u00bb4.19.5&Prime; _module_preset=\u00a0\u00bb16a54059-cc81-4572-9c70-eda6a6c419bf\u00a0\u00bb text_font=\u00a0\u00bbMerriweather||||||||\u00a0\u00bb text_text_color=\u00a0\u00bb#000000&Prime; text_font_size=\u00a0\u00bb16px\u00a0\u00bb text_line_height=\u00a0\u00bb2em\u00a0\u00bb custom_margin=\u00a0\u00bb||57px|||\u00a0\u00bb text_font_size_tablet=\u00a0\u00bb15px\u00a0\u00bb text_font_size_phone=\u00a0\u00bb14px\u00a0\u00bb text_font_size_last_edited=\u00a0\u00bbon|phone\u00a0\u00bb header_font_size_tablet=\u00a0\u00bb55px\u00a0\u00bb header_font_size_last_edited=\u00a0\u00bboff|desktop\u00a0\u00bb global_colors_info=\u00a0\u00bb{}\u00a0\u00bb]<\/p>\n<p class=\"p1\"><span class=\"s1\">Pour une\u00a0bonne tenue de votre jardin, son\u00a0entretien doit se soumettre \u00e0 certaines r\u00e8gles et suivre un processus professionnel bien d\u00e9finie. Avec Les\u00a0<a href=\"https:\/\/www.lesjardinsdeclaudealain.com\/\">Jardins de Claude Alain<\/a>, ayez la certitude que votre jardin soit\u00a0conforme aux exigences d&rsquo;am\u00e9nagement.<\/span><\/p>\n<p class=\"p1\"><span class=\"s1\">Le\u00a0d\u00e9sherbage est une phase obligatoire\u00a0lors d\u2019un\u00a0entretien de jardins. Au fil du temps, des esp\u00e8ces v\u00e9g\u00e9tales sauvages viennent s&rsquo;incruster au milieu de vos plantes d&rsquo;ornement et se nourrissent des nutriments. Elles pallient l&rsquo;esth\u00e9tisme du cadre verdoyant. Seuls les\u00a0jardiniers experts\u00a0disposent des strat\u00e9gies pour\u00a0lutter efficacement contre ces esp\u00e8ces ind\u00e9sirables.<\/span><\/p>\n<p class=\"p1\"><span class=\"s1\">Un\u00a0entretien r\u00e9gulier\u00a0facilite les mesures de protection \u00e0 entreprendre pour les plantations. Un\u00a0arrosage ma\u00eetris\u00e9\u00a0garantit \u00e9galement des essences \u00e9panouies. Une bonne organisation via un planning permet un meilleur suivi et s\u2019assurer que toutes les plantes ont \u00e9t\u00e9 bien entretenues. Nous adaptons les mesures correspondantes en fonction de la nature de vos plantes.<\/span><\/p>\n<p class=\"p1\"><span class=\"s1\">L&rsquo;entretien de votre pelouse\u00a0n&rsquo;est pas en reste pour vous offrir un\u00a0tapis verdoyant. Une hauteur de coupe respect\u00e9e garantit une esth\u00e9tique r\u00e9guli\u00e8re. Notre bassin d\u2019intervention est large n\u2019h\u00e9sitez pas \u00e0 demander si nous intervenons dans votre zone.<\/span><\/p>\n<p class=\"p1\"><span class=\"s1\">Sachez que\u00a0certaines plantes requi\u00e8rent un traitement sp\u00e9cifique selon la saison. Exigez de nos\u00a0sp\u00e9cialistes un soin adapt\u00e9 et une meilleure protection pour les fleurs sensibles \u00e0 la chaleur ou au froid.<\/span><\/p>\n<p class=\"p1\"><span class=\"s1\">Modelez votre espace vert,\u00a0recourez aux services d\u2019un professionnel pour une prestation compl\u00e8te. L&rsquo;\u00e9lagage des arbres\u00a0et\u00a0arbustes\u00a0profite \u00e0 la structuration de vos essences. Les sp\u00e9cialistes des\u00a0<a href=\"https:\/\/www.lesjardinsdeclaudealain.com\/\">Jardins de Claude Alain<\/a>\u00a0veillent \u00e0 conserver une silhouette \u00e9l\u00e9gante et naturelle.<\/span><\/p>\n<p class=\"p1\"><span class=\"s1\">Assurez une finition impeccable,\u00a0recourez \u00e0 la main verte de nos professionnels\u00a0pour la\u00a0taille de vos haies.\u00a0Nos jardiniers\u00a0d\u00e9coupent les formes de haies id\u00e9ales pour mettre en valeur le style de votre \u00e9den. Pour leur donner un bel aspect, les modulations de taille de la haie sont mises en avant.<\/span><\/p>\n<p>[\/et_pb_text][et_pb_button button_url=\u00a0\u00bbhttps:\/\/lesjardinsdeclaudealain.com\/index.php\/contact\/\u00a0\u00bb button_text=\u00a0\u00bbCONTACTEZ-NOUS POUR TOUTE DEMANDE\u00a0\u00bb button_alignment=\u00a0\u00bbcenter\u00a0\u00bb _builder_version=\u00a0\u00bb4.19.5&Prime; _module_preset=\u00a0\u00bbdefault\u00a0\u00bb custom_button=\u00a0\u00bbon\u00a0\u00bb button_text_color=\u00a0\u00bb#FFFFFF\u00a0\u00bb button_bg_color=\u00a0\u00bb#606125&Prime; button_font=\u00a0\u00bbCinzel||||||||\u00a0\u00bb button_use_icon=\u00a0\u00bboff\u00a0\u00bb global_colors_info=\u00a0\u00bb{}\u00a0\u00bb button_bg_color__hover_enabled=\u00a0\u00bbon|hover\u00a0\u00bb button_bg_color__hover=\u00a0\u00bb#bdcc49&Prime; button_bg_enable_color__hover=\u00a0\u00bbon\u00a0\u00bb button_text_color__hover_enabled=\u00a0\u00bbon|hover\u00a0\u00bb button_text_color__hover=\u00a0\u00bb#606125&Prime; button_border_color__hover_enabled=\u00a0\u00bbon|hover\u00a0\u00bb button_border_color__hover=\u00a0\u00bb#606125&Prime;][\/et_pb_button][\/et_pb_column][\/et_pb_row][\/et_pb_section][et_pb_section fb_built=\u00a0\u00bb1&Prime; _builder_version=\u00a0\u00bb4.19.5&Prime; _module_preset=\u00a0\u00bbdefault\u00a0\u00bb background_image=\u00a0\u00bbhttps:\/\/lesjardinsdeclaudealain.com\/wp-content\/uploads\/2023\/03\/Jardins_claude_alain_jardins_cosy.jpg\u00a0\u00bb custom_padding=\u00a0\u00bb80px||80px|||\u00a0\u00bb global_colors_info=\u00a0\u00bb{}\u00a0\u00bb][et_pb_row _builder_version=\u00a0\u00bb4.19.5&Prime; _module_preset=\u00a0\u00bbdefault\u00a0\u00bb global_colors_info=\u00a0\u00bb{}\u00a0\u00bb][et_pb_column type=\u00a0\u00bb4_4&Prime; _builder_version=\u00a0\u00bb4.19.5&Prime; _module_preset=\u00a0\u00bbdefault\u00a0\u00bb global_colors_info=\u00a0\u00bb{}\u00a0\u00bb][\/et_pb_column][\/et_pb_row][\/et_pb_section]<\/p>\n","protected":false},"excerpt":{"rendered":"<p>Les Jardins : Jardins de Claude AlainVOIR NOS JARDINSENTRETENIR SON JARDIN AVEC DES PROFESSIONNELSPour profiter d\u2019un environnement sain,\u00a0entretenir son jardin\u00a0est essentiel. Cette intervention commence par un\u00a0nettoyage. Le jardin doit rester dans un \u00e9tat propre. Un coin mal entretenu se d\u00e9grade facilement et perdra toute sa splendeur. Avec cette disposition, les professionnels des\u00a0Jardins de Claude Alain\u00a0se [&hellip;]<\/p>\n","protected":false},"author":1,"featured_media":0,"parent":0,"menu_order":0,"comment_status":"closed","ping_status":"closed","template":"","meta":{"_et_pb_use_builder":"on","_et_pb_old_content":"","_et_gb_content_width":"","footnotes":""},"class_list":["post-49","page","type-page","status-publish","hentry"],"_links":{"self":[{"href":"https:\/\/lesjardinsdeclaudealain.com\/index.php\/wp-json\/wp\/v2\/pages\/49","targetHints":{"allow":["GET"]}}],"collection":[{"href":"https:\/\/lesjardinsdeclaudealain.com\/index.php\/wp-json\/wp\/v2\/pages"}],"about":[{"href":"https:\/\/lesjardinsdeclaudealain.com\/index.php\/wp-json\/wp\/v2\/types\/page"}],"author":[{"embeddable":true,"href":"https:\/\/lesjardinsdeclaudealain.com\/index.php\/wp-json\/wp\/v2\/users\/1"}],"replies":[{"embeddable":true,"href":"https:\/\/lesjardinsdeclaudealain.com\/index.php\/wp-json\/wp\/v2\/comments?post=49"}],"version-history":[{"count":18,"href":"https:\/\/lesjardinsdeclaudealain.com\/index.php\/wp-json\/wp\/v2\/pages\/49\/revisions"}],"predecessor-version":[{"id":245,"href":"https:\/\/lesjardinsdeclaudealain.com\/index.php\/wp-json\/wp\/v2\/pages\/49\/revisions\/245"}],"wp:attachment":[{"href":"https:\/\/lesjardinsdeclaudealain.com\/index.php\/wp-json\/wp\/v2\/media?parent=49"}],"curies":[{"name":"wp","href":"https:\/\/api.w.org\/{rel}","templated":true}]}}